-19 - -1 - ((3 - 94) + 83)
-10
-9 - (-6 + 30 + -6 + 13 + -21)
-19
What is 45 + 3 + -1 + (-1 - -8 - (19 + -7))?
42
What is the value of 8 + -10 + 0 + (0 - 65) + (141 - 146)?
-72
Calculate -19722 + 19687 + (41 - 1).
5
What is 2198 - 2189 - (53 - -1)?
-45
165 + -1 - (-1656 + 1749)
71
What is the value of -35 - (30 + -131 + 58)?
8
(-4 - -5) + 212 + -216 + 122 + 2
121
What is the value of 4113 + -4026 + (2 + -3 - -5) + (4 - 6)?
89
55 - (36 + -73 + 41 + 1 + 7 + -3)
46
What is the value of 69 + 12 + 13 + -83?
11
Calculate (9 - -6) + (-83 + 13 - 26) + 24.
-57
What is 1 + 26 - (4911 - 4874)?
-10
Calculate -59 + 40 - -26 - (3 + (3 - 10)) - -10.
21
Calculate -39 - (-10 - (-11 + 0 + (-203 - -204))).
-39
61 + (-124 - (103 + -257))
91
What is -58 - (-15 - (-24 + 23) - -6)?
-50
Calculate -143 + 134 - (1 + -8 - (1 + (-14 - 50))).
-65
What is the value of 35 + -36 + -13 + 10?
-4
What is -10 + (172 - 43) + -96?
23
Evaluate 0 + 1 - (2 + 124 + -150).
25
Calculate (8 - (1 - -3 - 8)) + (-87 - -87).
12
What is (-113 + 164 - (-55 - 2)) + 1 + -1 + 7?
115
Evaluate ((7 - 13) + (12 - 19) - -13) + 11.
11
What is the value of -106 - (-59 + 48 + (2 + -1 - (-17 + 3)))?
-110
What is (-12 - ((-22 - -21 - -9) + -24)) + 29 + 1?
34
What is -2 + -2 + 0 - (-133 - -136)?
-7
What is the value of 59 - 69 - -4 - ((3 - (3 + -4)) + 0)?
-10
Calculate 44 - (48 + -46 + 9).
33
(0 - (4 - -5)) + (-17 - (5 - 44))
13
What is 6 + 4 + (-17 - (-46 + 17) - -3)?
25
What is the value of 1 - 21 - ((34 - 23) + -32 - (18 + -35))?
-16
Evaluate 9 + -3 + (-8 - -31) + -61.
-32
Evaluate -9 + -15 - (128 + -207).
55
-44 + -34 + 92 + 38
52
-8 - ((5 - 49) + (12 - 22))
46
What is the value of (291 - 354) + (-24 - 47)?
-134
Evaluate -26 + (17 - 78) + (36 - 3).
-54
Evaluate (4 - (54 - 0)) + (-68 - -37 - -25).
-56
6 + (-5 - (13 - 18)) - (4 - -91)
-89
What is 9 + (1 - 9) - 11 - (6 + -7)?
-9
What is (4 + -18 + -6 - -11) + (54 - 60)?
-15
-16 + 4 + -20 + 2 + 18
-12
(23 - (-5 + 14 + -3)) + (108 - 65)
60
Calculate 4 - (8 + 3) - -11 - 36 - -18.
-14
What is the value of (74 - (-1 + 21)) + -11 - (-1 - -5)?
39
Calculate 8 - 0 - (-38 - (2 + -43)) - -1.
6
What is 35 + (-122 - -33) + 13 + 1?
-40
Evaluate 3 - -3 - (4 + -7) - (1123 - 1218).
104
Evaluate (-1 - -34) + -189 + 176 + 21 + 3 + 0.
44
Evaluate -85 - (-35 + 52 + 63 + -45).
-120
Evaluate -16 + -30 + 4 + 18 + -39.
-63
Evaluate -32 - (45 - 15 - (42 - 11)).
-31
What is -19 - (-32 - -69) - -59?
3
What is 4 + 0 + -6 - (-72 - 0) - (-1961 - -1963)?
68
Evaluate -17 + (53 - 109 - (-3 - 0) - 11).
-81
Calculate -5 + -13 + 12 + -12 + 8 + 12 - -110.
112
Evaluate 21 + -15 + 31 - 15.
22
What is the value of -8 + -1 - (-986 + 990)?
-13
-44 + (113 + -1 - 106)
-38
Evaluate 3 + 5 + -50 - (9 + 14 - 9).
-56
Evaluate -5 + (2 - (2 - 6)) + -129 + (-29 - -37).
-120
Calculate -20 - ((-10 - 108) + 60).
38
What is (-48 + 27 - 14) + (-11 - -24)?
-22
What is the value of 85 + -58 - ((-12 - -15) + 9)?
15
What is the value of -16 + (-30 - (31 + -72 - -23))?
-28
Evaluate -1 + 5 + 2 + (14 - (15 + 2)).
3
What is -6 + 25 - (-30 - (-68 + 45))?
26
-2 - (-12 + (19 - 26)) - -1
18
What is the value of -3 - (-11 + -22 + (-36 - 14)) - (6 - 0)?
74
What is -81 - 12 - (42 + -44 + -12)?
-79
Calculate -150 - (-39 + -10 + 19 + -1).
-119
What is the value of (-3 - 10) + 21 - (8 + -41 - -7) - -7?
41
-1 + -9 - (-6 + (15 - -11) + -1 + 9)
-38
What is -12 + 186 + -71 + (9 + -12 - -4)?
104
Evaluate 5012 + -5013 - (49 + (-5 - -1)).
-46
What is ((-1 - -1) + -2 - (113 - (99 - -25))) + -10?
-1
What is 16 - ((-19 - 18) + 28) - -51?
76
Evaluate 213 + -191 + -2 + -27 + 13.
6
(-418 - -473) + 1 + -16 + -8
32
What is 30 + -12 + (-1 - 2) - 24?
-9
What is the value of 38 - (81 - (-86 + 164))?
35
Calculate -5 - 29 - (-3 + (-58 - -79)).
-52
Calculate -62 + (31 - 4) + -94 + 86.
-43
What is the value of (-5 - -2 - -4) + -4 - (-27 + 1)?
23
Calculate (-11 - ((15 - 12) + 5)) + 29.
10
Evaluate (0 - 2) + -340 + 373 + 3.
34
14 + -63 - -32 - (-28 + -16)
27
Evaluate 26 - (8 - (5 + -3 + 16) - -13).
23
Evaluate 16 - (-9 + (70 + 4 - (76 - 90))).
-63
(-38 - -3) + (108 - 229 - -223)
67
Evaluate (6 - (-11 + 14)) + (42 - (5 - -2)).
38
(6 - (2 + -11 + 6 - 2)) + -27
-16
What is the value of (-7 + 24 - (-19 - -8)) + 5?
33
Evaluate (7829 - 7822) + 0 + 49.
56
What is the value of (19 - -166) + -185 + 0 + -29?
-29
What is the value of 4 - (6 - (7 - 13 - -7) - (-8 + -28))?
-37
Calculate (1 + -8 - (-17 + 8)) + -36 + 24 + 95.
85
Calculate -1089 + 1099 + 1 + -1 + -7 - -57.
60
What is 0 - -8 - (32 + (28 - 61)) - 11?
-2
What is the value of 13 + 9 + -25 + -4 + 21 + 6?
20
Evaluate -13 + (-5 - (-33 + 0)) + -7.
8
What is the value of 17 - (32 + -12 + -7 + -1 - 71)?
76
Calculate (18 - -3 - -3) + (-51 - (-88 - -49)).
12
Evaluate -119 - (-17 - -52 - 169).
15
Calculate -22 + 213 - 101 - 58.
32
Evaluate -81 + -25 + 66 - -15.
-25
Calculate (36 - 45 - 23) + (-67 - -9).
-90
Calculate (-1252 - -1256) + (-4 + 5 - (2 + -3)).
6
What is the value of 42 - (37 + 21 + -52)?
36
-29 - 0 - (-48 + 64)
-45
What is -88 + -7 + 2 + 4 + -4 + (70 - 81)?
-104
What is the value of 67 + (34 - (75 + -30))?
56
What is (-52 - (-66 - -4)) + -65?
-55
What is 114 + -54 + (-15 - 141)?
-96
Calculate 1 - -110 - (-2 - -15 - (129 + -93)).
134
Calculate 1 + -53 + (4455 - 4462).
-59
(10 - -2) + ((-18 - -2) + 16 - 22) + 24
14
2 + 22 - (67 - 48) - ((-46 - 4) + -3)
58
1 + 43 + -10 + 55 + -64
25
Calculate (4 - 2 - ((-6 - -9) + -6)) + -39.
-34
Calculate 34 - (51 + 1) - (-45 - -8).
19
Evaluate 11 + (2 - -4) + -20 + 11 - -16.
24
Evaluate 74 - (23 + -18) - -6.
75
Evaluate 16 - (59 + -47 - (0 - 65) - -1).
-62
What is -1162 - -1103 - (-52 + 0)?
-7
18 - 10 - ((6 - (2 + 5)) + -30)
39
Calculate -133 + -12 + 309 + -115.
49
Evaluate 308 - (290 + -2) - (0 + -2).
22
Calculate 3 + -1 + -4 + 174 + -90 + -67.
15
(-87 - (19 - 61)) + 97
52
Evaluate 4 + (-46 + (21 + -12 - 3) - (0 - -1)).
-37
-2 - (-4 - -2) - 67 - (7141 - 7127)
-81
What is the value of (11 - 24 - -8 - (-16 + -4)) + -10 + -1?
4
(42 - -39) + -67 + -49
-35
Calculate 126 + (1 - 4) + 33 + 3 + -192 + 161.
128
Calculate (-6 - -2) + 64 - (23 - (13 + 25)).
75
Calculate 2 + -2 + 49 + (252 - 204) + (-48 - 4).
45
What is 1 - (-9 - (18 - 1 - 8 - 21))?
-2
Calculate 4610 - 4650 - (-69 - 1).
30
What is the value of 2 + (13 - -2) + 156 + -241 + -23?
-91
Evaluate 0 + (-13 - 10 - -15) + (-39 - (-3 + 2)).
-46
6 - (73 - 6) - (-98 - -79)
-42
Calculate 121 + -100 + (12 - 24) + 16 + -10 + 0.
15
Evaluate (2 - 0) + 0 - 47 - (-43 - (-8 - 39)).
-49
Evaluate (10 - 0) + (-178 + 130 - -113).
75
Evaluate (-12 - -28 - (19 - -4)) + 69.
62
-84 + 1 - (-21 - (64 + -105))
-103
-79 - 1 - (3114 + -3210)
16
Calculate 16 + -140 - (-44 - 69).
-11
What is 401 + -405 + (-8 - 0) + -3 + 2 - 7?
-20
What is the value of 66 + (-16 + -2 + 21 + 9 + -23 - -15)?
70
Calculate -73 - (1 + 43 + -87).
-30
What is -1 - (8 + (6 - 46 - -11) + -9)?
29
What is -87 + (52 - 4) + 2?
-37
Calculate 107 - (2 + -1) - (-68 + -53 + (55 - -52)).
120
Calculate (-20 - -7) + -4 - (128 - 120) - -77.
52
Evaluate 44 + 22 + -70 - 25.
-29
Calculate ((-1 - 15) + 0 - -6) + -2.
-12
Evaluate -20 + -10 + 53 + -2.
21
362 + -373 + (0 - -44)
33
What is the value of -9 + -20 + 25 - (10 - (-6 - -9)) - -77?
66
What is the value of 0 + -2 - (-51 + 31 - -33)?
-15
Evaluate 92 + (-18 - (0 - 31 - -18)).
87
Evaluate 51 - (40 + -51) - 98.
-36
What is 641 + -656 + (-15 - -7) + -87 + 5?
-105
15 + (6 - (13 + 1) - -30)
37
-10 - (12 + 61 + -80 - (-1 + 13))
9
What is 13 + (5 + -5 + (-29 - -24) + 16 - -20)?
44
Calculate (29 - 0) + (1407 - 1470).
-34
Evaluate (12 - -10) + (9 - 16 - -1 - (2 + 4)).
10
-69 + -7 + 6 + (62 + -68 - (2 - 16))
-62
Evaluate (-707 + 710 + 0 + -5 - (65 + -1)) + -10.
-76
Calculate -6 - (-13 + 62) - -8 - (1 + -7).
-41
What is -7 + 10 + (8 - -62) + 29 + -24?
78
Evaluate (-27 - -13 - (-9 - 2)) + 12 + -16 + 6.
-1
What is the value of 6 - (-73 - ((7 - -8 - -3) + -8))?
89
-3 + 12 - -2 - (-106 + 97)
20
What is the value of 17 - (247 - 225 - (3 - (1 + -42)))?
39
What is the value of 13 - ((29 - (59 - 37)) + (-4 - 0) + 27)?
-17
Evaluate (-23 - -10 - (-10 - -2)) + -5.
-10
What is the value of 177 + -151 - (11 + -5 - -3)?
17
What is 4 - -11 - (12 + -12 - 42 - -9)?
48
Evaluate 1062 - 977 - (4 + 173).
-92
What is (-34 + 12 - (-1 + (20 - 6))) + -12?
-47
64 + (38 - (